{"id":1244,"date":"2016-12-08T10:50:07","date_gmt":"2016-12-08T10:50:07","guid":{"rendered":"http:\/\/driveonline.hu\/dev\/conint\/eng\/?page_id=1244"},"modified":"2020-10-21T10:40:27","modified_gmt":"2020-10-21T10:40:27","slug":"illuminated-poster-frames","status":"publish","type":"page","link":"https:\/\/conint.hu\/eng\/illuminated-poster-frames\/","title":{"rendered":"Illuminated poster frames"},"content":{"rendered":"<p><div class=\"fusion-fullwidth fullwidth-box fusion-builder-row-1 nonhundred-percent-fullwidth non-hundred-percent-height-scrolling\" style=\"--awb-background-position:left top;--awb-border-radius-top-left:0px;--awb-border-radius-top-right:0px;--awb-border-radius-bottom-right:0px;--awb-border-radius-bottom-left:0px;--awb-padding-top:40px;--awb-padding-bottom:20px;--awb-border-sizes-top:0px;--awb-border-sizes-bottom:0px;--awb-flex-wrap:wrap;\" ><div class=\"fusion-builder-row fusion-row\"><div class=\"fusion-layout-column fusion_builder_column fusion-builder-column-0 fusion_builder_column_1_1 1_1 fusion-one-full fusion-column-first fusion-column-last fusion-column-no-min-height\" style=\"--awb-bg-size:cover;--awb-margin-bottom:0px;\"><div class=\"fusion-column-wrapper fusion-flex-column-wrapper-legacy\"><div class=\"fusion-text fusion-text-1\"><div class=\"alignCenter\">\n<div class=\"paddingtop_1\">\n<div class=\"content_type\">\n<div class=\"head\">\n<h2>ILLUMINATED POSTER FRAMES<\/h2>\n<div class=\"line\"><\/div>\n<\/div>\n<\/div>\n<\/div>\n<\/div>\n<\/div><div class=\"fusion-clearfix\"><\/div><\/div><\/div><\/div><\/div><div class=\"fusion-fullwidth fullwidth-box fusion-builder-row-2 nonhundred-percent-fullwidth non-hundred-percent-height-scrolling\" style=\"--awb-background-position:left top;--awb-border-radius-top-left:0px;--awb-border-radius-top-right:0px;--awb-border-radius-bottom-right:0px;--awb-border-radius-bottom-left:0px;--awb-padding-top:40px;--awb-padding-bottom:20px;--awb-border-sizes-top:0px;--awb-border-sizes-bottom:0px;--awb-flex-wrap:wrap;\" ><div class=\"fusion-builder-row fusion-row\"><div class=\"fusion-layout-column fusion_builder_column fusion-builder-column-1 fusion_builder_column_1_1 1_1 fusion-one-full fusion-column-first fusion-column-last fusion-column-no-min-height\" style=\"--awb-bg-size:cover;--awb-margin-bottom:0px;\"><div class=\"fusion-column-wrapper fusion-flex-column-wrapper-legacy\"><div class=\"fusion-text fusion-text-2\"><div class=\"alignCenter\">\n<div class=\"paddingtop_1\">\n<div class=\"content_type\">\n<div class=\"head\">\n<p>Excellent quality, attention-grabbing advertising solutions. The prints are easy and simple to change thanks to the clickable frames. Please find more information on <a href=\"http:\/\/www.megallitotabla.hu\/vilagitoreklamtabla\" target=\"_blank\" rel=\"noopener noreferrer\">meg\u00e1ll\u00edt\u00f3t\u00e1bla.hu<\/a>.<\/p>\n<\/div>\n<\/div>\n<\/div>\n<\/div>\n<\/div><div class=\"fusion-clearfix\"><\/div><\/div><\/div><\/div><\/div><\/p>\n","protected":false},"excerpt":{"rendered":"","protected":false},"author":1,"featured_media":0,"parent":0,"menu_order":0,"comment_status":"closed","ping_status":"closed","template":"","meta":{"footnotes":""},"class_list":["post-1244","page","type-page","status-publish","hentry"],"yoast_head":"<!-- This site is optimized with the Yoast SEO plugin v26.1.1 - https:\/\/yoast.com\/wordpress\/plugins\/seo\/ -->\n<title>Illuminated poster frames - Conint.hu<\/title>\n<meta name=\"robots\" content=\"index, follow, max-snippet:-1, max-image-preview:large, max-video-preview:-1\" \/>\n<link rel=\"canonical\" href=\"https:\/\/conint.hu\/eng\/illuminated-poster-frames\/\" \/>\n<meta property=\"og:locale\" content=\"en_US\" \/>\n<meta property=\"og:type\" content=\"article\" \/>\n<meta property=\"og:title\" content=\"Illuminated poster frames - Conint.hu\" \/>\n<meta property=\"og:url\" content=\"https:\/\/conint.hu\/eng\/illuminated-poster-frames\/\" \/>\n<meta property=\"og:site_name\" content=\"Conint.hu\" \/>\n<meta property=\"article:modified_time\" content=\"2020-10-21T10:40:27+00:00\" \/>\n<meta name=\"twitter:card\" content=\"summary_large_image\" \/>\n<meta name=\"twitter:label1\" content=\"Est. reading time\" \/>\n\t<meta name=\"twitter:data1\" content=\"2 minutes\" \/>\n<script type=\"application\/ld+json\" class=\"yoast-schema-graph\">{\"@context\":\"https:\/\/schema.org\",\"@graph\":[{\"@type\":\"WebPage\",\"@id\":\"https:\/\/conint.hu\/eng\/illuminated-poster-frames\/\",\"url\":\"https:\/\/conint.hu\/eng\/illuminated-poster-frames\/\",\"name\":\"Illuminated poster frames - Conint.hu\",\"isPartOf\":{\"@id\":\"https:\/\/conint.hu\/eng\/#website\"},\"datePublished\":\"2016-12-08T10:50:07+00:00\",\"dateModified\":\"2020-10-21T10:40:27+00:00\",\"breadcrumb\":{\"@id\":\"https:\/\/conint.hu\/eng\/illuminated-poster-frames\/#breadcrumb\"},\"inLanguage\":\"en-US\",\"potentialAction\":[{\"@type\":\"ReadAction\",\"target\":[\"https:\/\/conint.hu\/eng\/illuminated-poster-frames\/\"]}]},{\"@type\":\"BreadcrumbList\",\"@id\":\"https:\/\/conint.hu\/eng\/illuminated-poster-frames\/#breadcrumb\",\"itemListElement\":[{\"@type\":\"ListItem\",\"position\":1,\"name\":\"Home\",\"item\":\"https:\/\/conint.hu\/eng\/\"},{\"@type\":\"ListItem\",\"position\":2,\"name\":\"Illuminated poster frames\"}]},{\"@type\":\"WebSite\",\"@id\":\"https:\/\/conint.hu\/eng\/#website\",\"url\":\"https:\/\/conint.hu\/eng\/\",\"name\":\"Conint.hu\",\"description\":\"\",\"potentialAction\":[{\"@type\":\"SearchAction\",\"target\":{\"@type\":\"EntryPoint\",\"urlTemplate\":\"https:\/\/conint.hu\/eng\/?s={search_term_string}\"},\"query-input\":{\"@type\":\"PropertyValueSpecification\",\"valueRequired\":true,\"valueName\":\"search_term_string\"}}],\"inLanguage\":\"en-US\"}]}<\/script>\n<!-- \/ Yoast SEO plugin. -->","yoast_head_json":{"title":"Illuminated poster frames - Conint.hu","robots":{"index":"index","follow":"follow","max-snippet":"max-snippet:-1","max-image-preview":"max-image-preview:large","max-video-preview":"max-video-preview:-1"},"canonical":"https:\/\/conint.hu\/eng\/illuminated-poster-frames\/","og_locale":"en_US","og_type":"article","og_title":"Illuminated poster frames - Conint.hu","og_url":"https:\/\/conint.hu\/eng\/illuminated-poster-frames\/","og_site_name":"Conint.hu","article_modified_time":"2020-10-21T10:40:27+00:00","twitter_card":"summary_large_image","twitter_misc":{"Est. reading time":"2 minutes"},"schema":{"@context":"https:\/\/schema.org","@graph":[{"@type":"WebPage","@id":"https:\/\/conint.hu\/eng\/illuminated-poster-frames\/","url":"https:\/\/conint.hu\/eng\/illuminated-poster-frames\/","name":"Illuminated poster frames - Conint.hu","isPartOf":{"@id":"https:\/\/conint.hu\/eng\/#website"},"datePublished":"2016-12-08T10:50:07+00:00","dateModified":"2020-10-21T10:40:27+00:00","breadcrumb":{"@id":"https:\/\/conint.hu\/eng\/illuminated-poster-frames\/#breadcrumb"},"inLanguage":"en-US","potentialAction":[{"@type":"ReadAction","target":["https:\/\/conint.hu\/eng\/illuminated-poster-frames\/"]}]},{"@type":"BreadcrumbList","@id":"https:\/\/conint.hu\/eng\/illuminated-poster-frames\/#breadcrumb","itemListElement":[{"@type":"ListItem","position":1,"name":"Home","item":"https:\/\/conint.hu\/eng\/"},{"@type":"ListItem","position":2,"name":"Illuminated poster frames"}]},{"@type":"WebSite","@id":"https:\/\/conint.hu\/eng\/#website","url":"https:\/\/conint.hu\/eng\/","name":"Conint.hu","description":"","potentialAction":[{"@type":"SearchAction","target":{"@type":"EntryPoint","urlTemplate":"https:\/\/conint.hu\/eng\/?s={search_term_string}"},"query-input":{"@type":"PropertyValueSpecification","valueRequired":true,"valueName":"search_term_string"}}],"inLanguage":"en-US"}]}},"_links":{"self":[{"href":"https:\/\/conint.hu\/eng\/wp-json\/wp\/v2\/pages\/1244","targetHints":{"allow":["GET"]}}],"collection":[{"href":"https:\/\/conint.hu\/eng\/wp-json\/wp\/v2\/pages"}],"about":[{"href":"https:\/\/conint.hu\/eng\/wp-json\/wp\/v2\/types\/page"}],"author":[{"embeddable":true,"href":"https:\/\/conint.hu\/eng\/wp-json\/wp\/v2\/users\/1"}],"replies":[{"embeddable":true,"href":"https:\/\/conint.hu\/eng\/wp-json\/wp\/v2\/comments?post=1244"}],"version-history":[{"count":3,"href":"https:\/\/conint.hu\/eng\/wp-json\/wp\/v2\/pages\/1244\/revisions"}],"predecessor-version":[{"id":1434,"href":"https:\/\/conint.hu\/eng\/wp-json\/wp\/v2\/pages\/1244\/revisions\/1434"}],"wp:attachment":[{"href":"https:\/\/conint.hu\/eng\/wp-json\/wp\/v2\/media?parent=1244"}],"curies":[{"name":"wp","href":"https:\/\/api.w.org\/{rel}","templated":true}]}}